{"id":11,"date":"2026-01-05T10:22:04","date_gmt":"2026-01-05T09:22:04","guid":{"rendered":"https:\/\/ilbdesign.fr\/?page_id=11"},"modified":"2026-02-08T15:32:43","modified_gmt":"2026-02-08T14:32:43","slug":"homepage","status":"publish","type":"page","link":"https:\/\/ilbdesign.fr\/","title":{"rendered":"Homepage"},"content":{"rendered":"\n<div class=\"wp-block-cover alignfull\" style=\"min-height:958px;aspect-ratio:unset;\"><img loading=\"lazy\" decoding=\"async\" width=\"1024\" height=\"683\" class=\"wp-block-cover__image-background wp-image-155 size-large\" alt=\"\" src=\"https:\/\/ilbdesign.fr\/wp-content\/uploads\/2026\/01\/ChatGPT-Image-5-janv.-2026-22_37_4415-1024x683.png\" style=\"object-position:41% 54%\" data-object-fit=\"cover\" data-object-position=\"41% 54%\" srcset=\"https:\/\/ilbdesign.fr\/wp-content\/uploads\/2026\/01\/ChatGPT-Image-5-janv.-2026-22_37_4415-1024x683.png 1024w, https:\/\/ilbdesign.fr\/wp-content\/uploads\/2026\/01\/ChatGPT-Image-5-janv.-2026-22_37_4415-300x200.png 300w, https:\/\/ilbdesign.fr\/wp-content\/uploads\/2026\/01\/ChatGPT-Image-5-janv.-2026-22_37_4415.png 1536w\" sizes=\"auto, (max-width: 1024px) 100vw, 1024px\" \/><span aria-hidden=\"true\" class=\"wp-block-cover__background has-primary-background-color has-background-dim\"><\/span><div class=\"wp-block-cover__inner-container has-global-padding is-layout-constrained wp-block-cover-is-layout-constrained\">\n<p class=\"has-text-align-center has-white-color has-text-color has-max-60-font-size\" style=\"font-style:normal;font-weight:900;line-height:1.2\">AU<strong>RAA<\/strong><\/p>\n\n\n\n<p class=\"has-text-align-center has-white-color has-text-color has-medium-font-size\">Une lumi\u00e8re organique inspir\u00e9e des profondeurs marines, o\u00f9 une flamme douce semble prendre vie \u00e0 l&rsquo;allumage.<\/p>\n\n\n\n<div style=\"height:55px\" aria-hidden=\"true\" class=\"wp-block-spacer\"><\/div>\n\n\n\n<div class=\"wp-block-buttons is-content-justification-center is-layout-flex wp-container-core-buttons-is-layout-a89b3969 wp-block-buttons-is-layout-flex\">\n<div class=\"wp-block-button is-style-outline is-style-outline--1\"><a class=\"wp-block-button__link has-white-color has-text-color wp-element-button\" href=\"https:\/\/ilbdesign.fr\/index.php\/boutique\/\" style=\"border-radius:0px\">D\u00e9couvrez notre gamme<\/a><\/div>\n<\/div>\n<\/div><\/div>\n\n\n\n<div class=\"wp-block-cover alignfull\" style=\"min-height:100vh;aspect-ratio:unset;\"><img loading=\"lazy\" decoding=\"async\" width=\"963\" height=\"642\" class=\"wp-block-cover__image-background wp-image-152 size-full\" alt=\"\" src=\"http:\/\/ilbdesign.fr\/wp-content\/uploads\/2026\/01\/Gemini_Generated_Image_3kzkyz3kzkyz3kzk32355465.png\" style=\"object-position:59% 45%\" data-object-fit=\"cover\" data-object-position=\"59% 45%\" srcset=\"https:\/\/ilbdesign.fr\/wp-content\/uploads\/2026\/01\/Gemini_Generated_Image_3kzkyz3kzkyz3kzk32355465.png 963w, https:\/\/ilbdesign.fr\/wp-content\/uploads\/2026\/01\/Gemini_Generated_Image_3kzkyz3kzkyz3kzk32355465-300x200.png 300w\" sizes=\"auto, (max-width: 963px) 100vw, 963px\" \/><span aria-hidden=\"true\" class=\"wp-block-cover__background has-background-dim-20 has-background-dim\" style=\"background-color:#754d39\"><\/span><div class=\"wp-block-cover__inner-container has-global-padding is-layout-constrained wp-block-cover-is-layout-constrained\">\n<p class=\"has-text-align-center has-white-color has-text-color has-max-60-font-size\" style=\"font-style:normal;font-weight:900;line-height:1.2\"><strong>Des lampes fran\u00e7aise<\/strong>s<\/p>\n\n\n\n<p class=\"has-text-align-center has-white-color has-text-color has-medium-font-size\">Chaque lampe est fa\u00e7onn\u00e9e \u00e0 la main dans les Alpes-Maritimes, en France, avec un savoir-faire artisanal unique et une histoire \u00e0 r\u00e9v\u00e9ler.<\/p>\n\n\n\n<div style=\"height:55px\" aria-hidden=\"true\" class=\"wp-block-spacer\"><\/div>\n\n\n\n<div class=\"wp-block-buttons is-content-justification-center is-layout-flex wp-container-core-buttons-is-layout-a89b3969 wp-block-buttons-is-layout-flex\">\n<div class=\"wp-block-button is-style-outline is-style-outline--2\"><a class=\"wp-block-button__link has-white-color has-text-color wp-element-button\" href=\"https:\/\/ilbdesign.fr\/index.php\/a-propos-de-moi\/\" style=\"border-radius:0px\">Mon histoire<\/a><\/div>\n<\/div>\n<\/div><\/div>\n\n\n\n<p><\/p>\n","protected":false},"excerpt":{"rendered":"","protected":false},"author":1,"featured_media":0,"parent":0,"menu_order":0,"comment_status":"closed","ping_status":"closed","template":"page-templates\/homepage-builder-bb.php","meta":{"footnotes":""},"class_list":["post-11","page","type-page","status-publish","hentry"],"_links":{"self":[{"href":"https:\/\/ilbdesign.fr\/index.php\/wp-json\/wp\/v2\/pages\/11","targetHints":{"allow":["GET"]}}],"collection":[{"href":"https:\/\/ilbdesign.fr\/index.php\/wp-json\/wp\/v2\/pages"}],"about":[{"href":"https:\/\/ilbdesign.fr\/index.php\/wp-json\/wp\/v2\/types\/page"}],"author":[{"embeddable":true,"href":"https:\/\/ilbdesign.fr\/index.php\/wp-json\/wp\/v2\/users\/1"}],"replies":[{"embeddable":true,"href":"https:\/\/ilbdesign.fr\/index.php\/wp-json\/wp\/v2\/comments?post=11"}],"version-history":[{"count":30,"href":"https:\/\/ilbdesign.fr\/index.php\/wp-json\/wp\/v2\/pages\/11\/revisions"}],"predecessor-version":[{"id":194,"href":"https:\/\/ilbdesign.fr\/index.php\/wp-json\/wp\/v2\/pages\/11\/revisions\/194"}],"wp:attachment":[{"href":"https:\/\/ilbdesign.fr\/index.php\/wp-json\/wp\/v2\/media?parent=11"}],"curies":[{"name":"wp","href":"https:\/\/api.w.org\/{rel}","templated":true}]}}